der when 922035 is divided by 361.
41
What is the remainder when 74981087 is divided by 1753?
18
Calculate the remainder when 1074779 is divided by 535.
499
What is the remainder when 211886 is divided by 9613?
400
Calculate the remainder when 4838653 is divided by 80644.
13
What is the remainder when 157448 is divided by 670?
668
What is the remainder when 361123921 is divided by 599?
598
Calculate the remainder when 55800 is divided by 28.
24
Calculate the remainder when 139026 is divided by 19792.
482
Calculate the remainder when 8597 is divided by 210.
197
What is the remainder when 12222372 is divided by 463?
98
What is the remainder when 40420339 is divided by 318?
313
Calculate the remainder when 881146 is divided by 226.
198
Calculate the remainder when 1769047 is divided by 156.
7
What is the remainder when 13974868 is divided by 26?
24
What is the remainder when 153359 is divided by 30668?
19
What is the remainder when 207840273 is divided by 25980033?
9
Calculate the remainder when 107624 is divided by 1266.
14
Calculate the remainder when 590105 is divided by 331.
263
Calculate the remainder when 30613 is divided by 7494.
637
Calculate the remainder when 113186 is divided by 8638.
892
What is the remainder when 41572 is divided by 1808?
1796
What is the remainder when 303374852 is divided by 2933?
2930
Calculate the remainder when 36515 is divided by 8082.
4187
Calculate the remainder when 1489209 is divided by 3.
0
Calculate the remainder when 19818 is divided by 9653.
512
Calculate the remainder when 132486 is divided by 1749.
1311
What is the remainder when 1687232467 is divided by 7018?
7015
What is the remainder when 72805 is divided by 2145?
2020
Calculate the remainder when 704399 is divided by 5589.
185
What is the remainder when 735934 is divided by 245260?
154
Calculate the remainder when 20448 is divided by 988.
688
What is the remainder when 467314 is divided by 4574?
766
Calculate the remainder when 9619230 is divided by 3206386.
72
What is the remainder when 202959 is divided by 10676?
115
What is the remainder when 809458 is divided by 809373?
85
What is the remainder when 5828102 is divided by 2998?
2988
Calculate the remainder when 1391841 is divided by 959.
332
Calculate the remainder when 391379 is divided by 195653.
73
Calculate the remainder when 275646 is divided by 54760.
1846
Calculate the remainder when 12826 is divided by 262.
250
Calculate the remainder when 7067879 is divided by 278.
7
What is the remainder when 310733 is divided by 323?
7
What is the remainder when 93434 is divided by 212?
154
Calculate the remainder when 308079 is divided by 76523.
1987
Calculate the remainder when 3587308 is divided by 1195767.
7
Calculate the remainder when 13251013 is divided by 101.
15
What is the remainder when 105669 is divided by 1699?
331
Calculate the remainder when 309911 is divided by 103294.
29
What is the remainder when 15720359 is divided by 77?
39
What is the remainder when 138146 is divided by 138066?
80
Calculate the remainder when 5915763 is divided by 115995.
18
What is the remainder when 472092 is divided by 39338?
36
What is the remainder when 4308972 is divided by 275?
272
What is the remainder when 5826280 is divided by 2578?
0
Calculate the remainder when 72342 is divided by 724.
666
Calculate the remainder when 56404764 is divided by 608.
604
What is the remainder when 22569075 is divided by 4?
3
What is the remainder when 88785 is divided by 6333?
123
What is the remainder when 12743820 is divided by 2290?
2260
What is the remainder when 12191462 is divided by 12191439?
23
What is the remainder when 276864 is divided by 46144?
0
Calculate the remainder when 50234 is divided by 7633.
4436
Calculate the remainder when 133733 is divided by 18976.
901
What is the remainder when 105344720 is divided by 331?
329
What is the remainder when 10876763 is divided by 4832?
4763
Calculate the remainder when 1364358 is divided by 26734.
924
What is the remainder when 6409620 is divided by 3204801?
18
What is the remainder when 618959 is divided by 251?
244
Calculate the remainder when 1413618 is divided by 3156.
2886
What is the remainder when 589508 is divided by 271?
83
Calculate the remainder when 25269036 is divided by 426.
420
What is the remainder when 121607249 is divided by 52?
49
What is the remainder when 3272 is divided by 959?
395
Calculate the remainder when 48979 is divided by 14007.
6958
What is the remainder when 6677426 is divided by 80?
66
What is the remainder when 3618353 is divided by 403?
219
What is the remainder when 350251307 is divided by 14155?
14142
What is the remainder when 2307464 is divided by 109870?
194
Calculate the remainder when 76552 is divided by 76533.
19
Calculate the remainder when 138450 is divided by 45844.
918
What is the remainder when 6832853 is divided by 2087?
15
Calculate the remainder when 12551674 is divided by 63.
58
Calculate the remainder when 2730744 is divided by 26007.
9
What is the remainder when 14493620 is divided by 26?
24
What is the remainder when 12518473 is divided by 69547?
13
Calculate the remainder when 27627015 is divided by 229.
226
What is the remainder when 2940163 is divided by 84?
79
What is the remainder when 112201108 is divided by 4?
0
What is the remainder when 158867 is divided by 26334?
863
What is the remainder when 162617 is divided by 32518?
27
What is the remainder when 91791326 is divided by 7060871?
3
Calculate the remainder when 9261 is divided by 4299.
663
Calculate the remainder when 5396786 is divided by 1798919.
29
Calculate the remainder when 2885842 is divided by 49754.
110
What is the remainder when 3133221 is divided by 89?
65
What is the remainder when 39574 is divided by 93?
49
Calculate the remainder when 75795 is divided by 702.
681
Calculate the remainder when 2964003 is divided by 9718.
13
What is the remainder when 33912 is divided by 1628?
1352
Calculate the remainder when 2700493 is divided by 6.
1
Calculate the remainder when 466253 is divided by 154269.
3446
What is the remainder when 974416 is divided by 324783?
67
Calculate the remainder when 194264 is divided by 2590.
14
What is the remainder when 1050397 is divided by 317?
176
What is the remainder when 86774 is divided by 43090?
594
What is the remainder when 916974 is divided by 262?
236
What is the remainder when 370950 is divided by 1518?
558
What is the remainder when 13270540 is divided by 13?
10
What is the remainder when 374297 is divided by 90?
77
Calculate the remainder when 1163845 is divided by 305.
270
Calculate the remainder when 199237 is divided by 174.
7
What is the remainder when 61988 is divided by 3435?
158
What is the remainder when 10439007 is divided by 1396?
1115
What is the remainder when 95924 is divided by 453?
341
Calculate the remainder when 351962 is divided by 133.
44
Calculate the remainder when 1102762 is divided by 82.
26
Calculate the remainder when 25370902 is divided by 21338.
20
What is the remainder when 260856 is divided by 129879?
1098
What is the remainder when 790614 is divided by 1336?
1038
What is the remainder when 1098584 is divided by 528?
344
What is the remainder when 655839 is divided by 811?
551
Calculate the remainder when 244105 is divided by 10162.
217
Calculate the remainder when 6697833 is divided by 41.
32
Calculate the remainder when 13337709 is divided by 883.
877
Calculate the remainder when 31699793 is divided by 587033.
11
What is the remainder when 5309 is divided by 4303?
1006
What is the remainder when 14686236 is divided by 203?
201
Calculate the remainder when 2487330373 is divided by 15.
13
What is the remainder when 35125280 is divided by 105481?
107
What is the remainder when 1925573 is divided by 133?
132
What is the remainder when 104866 is divided by 4988?
118
What is the remainder when 36734 is divided by 983?
363
Calculate the remainder when 60848 is divided by 30189.
470
Calculate the remainder when 7983746 is divided by 1299.
92
Calculate the remainder when 40810202 is divided by 189.
188
What is the remainder when 1065542 is divided by 617?
600
What is the remainder when 1446619 is divided by 1122?
361
What is the remainder when 5938810 is divided by 855?
835
Calcul